1496232?
-1496232
In base 13, what is 2862 - -42?
28a4
In base 7, what is 2502 - -103?
2605
In base 12, what is 263 - 14ab?
-1248
In base 3, what is -11100 + 102110?
21010
In base 11, what is -2137 - -20a?
-1a28
In base 16, what is 0 + 36d5?
36d5
In base 13, what is -309b7 + -5?
-309bc
In base 15, what is -d99d - -6?
-d997
In base 3, what is -2212202212 + -110?
-2212210022
In base 5, what is -14024021 + -3?
-14024024
In base 10, what is 352229 - -5?
352234
In base 7, what is 111 - -32256?
32400
In base 11, what is -2aa - -a02?
703
In base 4, what is 1 - -333122?
333123
In base 3, what is -2022100020 - 112?
-2022100202
In base 12, what is 16399 + b?
163a8
In base 6, what is 2 - -123225?
123231
In base 3, what is -1001102122 + -1200?
-1001111022
In base 5, what is 31 + -231244?
-231213
In base 6, what is 10005 + -24?
5541
In base 14, what is -3 - -105627?
105624
In base 13, what is b1990 - 4?
b1989
In base 5, what is -4 + 232403?
232344
In base 4, what is 30 - -230030133?
230030223
In base 8, what is -170653 + 10?
-170643
In base 3, what is -1002 + 21020102?
21012100
In base 9, what is 10488 + 6?
10505
In base 4, what is -203002 + -11221?
-220223
In base 15, what is -8 - 3364?
-336c
In base 5, what is -14 + -11210?
-11224
In base 2, what is 110111111 + -11100111?
11011000
In base 7, what is -1604232 + -4?
-1604236
In base 6, what is 1 + 4130410?
4130411
In base 14, what is 3945c3 - 5?
3945bc
In base 4, what is 12 - 1011332013?
-1011332001
In base 16, what is 2 + 2049a?
2049c
In base 15, what is -2834 + -2b?
-2860
In base 11, what is -548 + 38?
-510
In base 9, what is -1 + 566036?
566035
In base 14, what is 5c405 + 1?
5c406
In base 8, what is -2754420 - -5?
-2754413
In base 16, what is -5c - 1d2?
-22e
In base 7, what is -216251 - -2?
-216246
In base 7, what is 316654 - 16?
316635
In base 5, what is -2132343 - -4?
-2132334
In base 3, what is 1111 - -1022202112?
1022211000
In base 8, what is -54700 + 24?
-54654
In base 2, what is 1010010 - 1000000001?
-110101111
In base 8, what is -3141446 + 1?
-3141445
In base 2, what is -10010110 + 11111101000111?
11111010110001
In base 13, what is -77 + -14c7?
-1571
In base 2, what is 101000011000 - 1011001?
100110111111
In base 11, what is 18 + -340?
-323
In base 5, what is -14411111 - -10?
-14411101
In base 14, what is 560 + -3b5?
189
In base 12, what is -86 + -2152?
-2218
In base 8, what is -113763 - 1?
-113764
In base 11, what is -91047 + 1?
-91046
In base 9, what is -1016 - 20?
-1036
In base 16, what is -3 + 3cc7d?
3cc7a
In base 9, what is 3 - 31503?
-31500
In base 11, what is -2 - -3027?
3025
In base 5, what is 22423 + -3301?
14122
In base 8, what is 3 - -236573?
236576
In base 7, what is -113435 - -4?
-113431
In base 8, what is 2 - 1201126?
-1201124
In base 15, what is -b11 + -27?
-b38
In base 10, what is -1520164 + -3?
-1520167
In base 15, what is 1165234 + -5?
116522e
In base 16, what is 98 - 44d4?
-443c
In base 5, what is -10 - 41014?
-41024
In base 8, what is -4 - -22366?
22362
In base 7, what is 1 - 113426?
-113425
In base 12, what is 42 + 305?
347
In base 15, what is -10 + -2340d?
-2341d
In base 10, what is -9787 + -244?
-10031
In base 4, what is 1033001 - 230?
1032111
In base 2, what is 111000 + -100001001?
-11010001
In base 12, what is -1 - -22586a?
225869
In base 10, what is 7 - 3425?
-3418
In base 9, what is -5 + -1871528?
-1871534
In base 5, what is -104240 - 202?
-104442
In base 6, what is 1300345 - 40?
1300305
In base 3, what is -20 + -2100110112?
-2100110202
In base 16, what is 39be + -10?
39ae
In base 10, what is 24 - 949?
-925
In base 13, what is -9 - 7818?
-7824
In base 10, what is 4 + -9649?
-9645
In base 13, what is -208 - 25?
-230
In base 4, what is -2012 - 230010?
-232022
In base 16, what is -1 + 1744?
1743
In base 4, what is 102012033 - -3?
102012102
In base 5, what is -1 + -103312434?
-103312440
In base 7, what is -3 + -1341014?
-1341020
In base 3, what is 12 - -22200102?
22200121
In base 2, what is 10011 + 1001000011001001?
1001000011011100
In base 8, what is -11 + -1032425?
-1032436
In base 9, what is -2272 + 138?
-2133
In base 13, what is -11b4c + -3?
-11b52
In base 10, what is -22 - -1984?
1962
In base 3, what is 2122 - 100?
2022
In base 6, what is -2015 + -2?
-2021
In base 6, what is 100 - 34043?
-33543
In base 13, what is 17 + -754?
-73a
In base 7, what is 5 - -363414?
363422
In base 14, what is -54 - -14346?
142d2
In base 5, what is 113 + 1122332?
1123000
In base 9, what is -47 - 5601?
-5648
In base 12, what is 2b - 15679?
-1564a
In base 10, what is 722 + -14?
708
In base 14, what is -457 - -33?
-424
In base 5, what is -3 - -304131?
304123
In base 2, what is -10 + 110010111011010?
110010111011000
In base 7, what is -3 + -125222?
-125225
In base 15, what is d - -13e9e?
13eac
In base 11, what is 1 + 92206?
92207
In base 4, what is 1232131 - -33?
1232230
In base 10, what is 1871159 - 5?
1871154
In base 4, what is -1101 + -120012?
-121113
In base 7, what is -2622462 + 2?
-2622460
In base 11, what is 10a947 - -3?
10a94a
In base 7, what is 103164 + 4?
103201
In base 7, what is -4 - 244513?
-244520
In base 10, what is 235904 + -4?
235900
In base 14, what is 1a - 1300?
-12c4
In base 7, what is -430452 - -20?
-430432
In base 16, what is 2 + 1449f?
144a1
In base 5, what is -43401 - 140?
-44041
In base 14, what is -4 - -187b?
1877
In base 7, what is -2206 - -1011?
-1165
In base 10, what is 30 - -2232?
2262
In base 14, what is 0 + 330b8?
330b8
In base 13, what is -b7 + 1934?
184a
In base 11, what is 1438 - -147?
1584
In base 8, what is 23 + 2302?
2325
In base 15, what is -45 + 11892?
1184c
In base 12, what is 85 + -3b6?
-331
In base 10, what is 2012934 - -2?
2012936
In base 12, what is -1 + 2350?
234b
In base 16, what is 8 - 975?
-96d
In base 2, what is -1110100010 - -10010?
-1110010000
In base 3, what is -20101121 + 1002212?
-12021202
In base 11, what is -263 - 247?
-4aa
In base 15, what is -3a6 - -2?
-3a4
In base 12, what is -23488 - 1?
-23489
In base 9, what is 8462080 - -4?
8462084
In base 7, what is 1310 + -1266?
11
In base 16, what is -10f57 + 1?
-10f56
In base 11, what is -30531 + -29?
-3055a
In base 3, what is 11 + -20211201?
-20211120
In base 15, what is 1d97 + -a5?
1ce2
In base 14, what is -451 + 9dc?
58b
In base 9, what is -14330 + 15?
-14314
In base 14, what is -3 + 124b4?
124b1
In base 10, what is -4761 - -142?
-4619
In base 13, what is -10ab56 + 4?
-10ab52
In base 10, what is 57892 + 2?
57894
In base 7, what is -330 - -304?
-23
In base 16, what is -28 - 454?
-47c
In base 2, what is 1111 + 10001000010111?
10001000100110
In base 6, what is -2 + 52200342?
52200340
In base 13, what is 5 - cb44?
-cb3c
In base 8, what is -7241 + -255?
-7516
In base 16, what is -343 - -11c?
-227
In base 7, what is 2 + -5560?
-5555
In base 9, what is -4 + 32155?
32151
In base 13, what is -10 + 1726?
1716
In base 4, what is -10 + 1300230?
1300220
In base 9, what is 3 + 184175?
184178
In base 14, what is -2167 + 0?
-2167
In base 3, what is 11 + -2211201?
-2211120
In base 3, what is 10 - 211100111002?
-211100110222
In base 8, what is -41462 - 24?
-41506
In base 10, what is 367133 - 0?
367133
In base 2, what is 10010 + -100011010011110?
-100011010001100
In base 13, what is 5 - 996?
-991
In base 14, what is -d7 + -23?
-11a
In base 10, what is 548 - -892?
1440
In base 7, what is 12 + -13355?
-13343
In base 6, what is -3005 + -423?
-3432
In base 4, what is -3032 - 20000?
-23032
In base 2, what is 100000111 - -100111110011?
101011111010
In base 4, what is -10301 - -220120?
203213
In base 2, what is -10110100111111101110 + 0?
-10110100111111101110
In base 7, what is -2 - -532166?
532164
In base 6, what is -31 - -532155?
532124
In base 9, what is -38721 + 27?
-38683
In base 14, what is -4 - -c2866?
c2862
In base 8, what is 2002 + 2212?
4214
In base 13, what is 26a3 - -6?
26a9
In base 16, what is 375 + 606?
97b
In base 11, what is -a887 + -5?
-a891
In base 9, what is 254 + -25?
228
In base 6, what is 143 + -2243?
-2100
In base 12, what is -1456b + -3?
-14572
In base 15, what is 139c6 + 10?
139d6
In base 5, what is -10 - -230404434?
230404424
In base 13, what is 18 + -1b9b?
-1b83
In base 7, what is -156015 - -2?
-156013
In base 11, what is -285 - -488?
203
In base 10, what is -169 + -970?
-1139
In base 15